{"id":135,"date":"2014-07-31T16:29:57","date_gmt":"2014-07-31T14:29:57","guid":{"rendered":"http:\/\/themes.apex-test.dev\/?page_id=135"},"modified":"2020-07-15T20:57:11","modified_gmt":"2020-07-15T18:57:11","slug":"service-distribution","status":"publish","type":"page","link":"https:\/\/fme.shh.pl\/index.php\/start\/service-distribution\/","title":{"rendered":"Licencje FME"},"content":{"rendered":"<div class=\"mtphr-shortcodes-row-responsive\"><div class=\"mtphr-shortcodes-grid6\"><p><img loading=\"lazy\" class=\"alignnone size-medium wp-image-29\" src=\"https:\/\/fme.shh.pl\/wp-content\/uploads\/2019\/04\/complexdata-300x225.png\" alt=\"\" width=\"300\" height=\"225\" srcset=\"https:\/\/fme.shh.pl\/wp-content\/uploads\/2019\/04\/complexdata-300x225.png 300w, https:\/\/fme.shh.pl\/wp-content\/uploads\/2019\/04\/complexdata-768x576.png 768w, https:\/\/fme.shh.pl\/wp-content\/uploads\/2019\/04\/complexdata.png 1000w\" sizes=\"(max-width: 300px) 100vw, 300px\" \/><\/p>\n<\/div><div class=\"mtphr-shortcodes-grid6\">\n<h1 class=\"light\">Licencje ewaluacyjne<\/h1>\n<p><strong>Wypr\u00f3buj FME bezp\u0142atnie!<\/strong><\/p>\n<p>Wype\u0142nij\u00a0 <a href=\"http:\/\/wordpress1625744.home.pl\/autoinstalator\/wordpressplugins\/index.php\/contact-us\/\"><strong>formularz kontaktowy<\/strong><\/a> i zam\u00f3w 30-dniow\u0105 wersj\u0119 testow\u0105.<\/p>\n<p>Wpisz w oknie &#8220;Wiadomo\u015b\u0107&#8221; fraz\u0119: Zamawiam wersj\u0119 testow\u0105 FME.<\/p>\n<\/div><\/div><\/p>\n","protected":false},"excerpt":{"rendered":"","protected":false},"author":5,"featured_media":0,"parent":125,"menu_order":24,"comment_status":"closed","ping_status":"closed","template":"","meta":{"_mi_skip_tracking":false},"_links":{"self":[{"href":"https:\/\/fme.shh.pl\/index.php\/wp-json\/wp\/v2\/pages\/135"}],"collection":[{"href":"https:\/\/fme.shh.pl\/index.php\/wp-json\/wp\/v2\/pages"}],"about":[{"href":"https:\/\/fme.shh.pl\/index.php\/wp-json\/wp\/v2\/types\/page"}],"author":[{"embeddable":true,"href":"https:\/\/fme.shh.pl\/index.php\/wp-json\/wp\/v2\/users\/5"}],"replies":[{"embeddable":true,"href":"https:\/\/fme.shh.pl\/index.php\/wp-json\/wp\/v2\/comments?post=135"}],"version-history":[{"count":5,"href":"https:\/\/fme.shh.pl\/index.php\/wp-json\/wp\/v2\/pages\/135\/revisions"}],"predecessor-version":[{"id":594,"href":"https:\/\/fme.shh.pl\/index.php\/wp-json\/wp\/v2\/pages\/135\/revisions\/594"}],"up":[{"embeddable":true,"href":"https:\/\/fme.shh.pl\/index.php\/wp-json\/wp\/v2\/pages\/125"}],"wp:attachment":[{"href":"https:\/\/fme.shh.pl\/index.php\/wp-json\/wp\/v2\/media?parent=135"}],"curies":[{"name":"wp","href":"https:\/\/api.w.org\/{rel}","templated":true}]}}