{"id":730,"date":"2019-05-04T17:08:41","date_gmt":"2019-05-04T15:08:41","guid":{"rendered":"http:\/\/wordpress1625744.home.pl\/autoinstalator\/wordpressplugins\/?page_id=730"},"modified":"2019-05-31T15:34:53","modified_gmt":"2019-05-31T13:34:53","slug":"fme-desktop","status":"publish","type":"page","link":"https:\/\/fme.shh.pl\/index.php\/fme\/fme-desktop\/","title":{"rendered":"FME Desktop"},"content":{"rendered":"\n<p><strong>POKONAJ BARIERY ZWI\u0104ZANE Z PRZETWARZANIEM DANYCH<\/strong><\/p>\n\n\n\n<p>FME Desktop jest wszechstronnym zestawem narz\u0119dzi typu Spatial ETL (Extract, Transform and Load) wykorzystywanym przez tysi\u0105ce specjalist\u00f3w GIS na ca\u0142ym \u015bwiecie w celu szybkiej translacji, transformacji i integracji danych.<br> FME Desktop jest skutecznym rozwi\u0105zaniem dla konwersji danych.<br> FME umo\u017cliwia przekszta\u0142canie danych przestrzennych na precyzyjnie okre\u015blony format i struktur\u0119 przy wykorzystaniu szybkiego i \u0142atwego procesu. Oferuje szeroki, elastyczny zestaw narz\u0119dzi Spatial ETL, kt\u00f3re pozwalaj\u0105 na:<br> \uffed szybk\u0105 TRANSLACJ\u0118 setek format\u00f3w danych<br> \uffed elastyczn\u0105 TRANSFORMACJ\u0118 modelu danych<br> \uffed zaawansowan\u0105 INTEGRACJ\u0118 pomi\u0119dzy r\u00f3\u017cnymi typami danych<\/p>\n\n\n\n<p><strong>Szybka TRANSLACJA danych przestrzennych<\/strong><\/p>\n\n\n\n<p>T\u0142umaczenie danych z jednego formatu na drugi nie musi by\u0107 czasoch\u0142onne. FME stanowi atrakcyjn\u0105 alternatyw\u0119 dla pisania kodu, sprawiaj\u0105c, \u017ce translacja danych pomi\u0119dzy wieloma formatami jest szybka i prosta. Wystarczy tylko wskaza\u0107 i klikn\u0105\u0107, aby utworzy\u0107 graficzny model przep\u0142ywu danych, kt\u00f3ry zmigruje dane do wskazanego systemu. W zale\u017cno\u015bci od potrzeb mo\u017cna wykorzysta\u0107 jedn\u0105 z dw\u00f3ch opcji: Universal Translator \u2013 dla prostych konwersji lub FME Workbench \u2013 dla bardziej skomplikowanych translacji.<\/p>\n\n\n\n<p>Wsparcie t\u0142umaczenia format\u00f3w w FME Desktop nie ma sobie r\u00f3wnych. Posiadaj\u0105c mo\u017cliwo\u015b\u0107 odczytywania i zapisywania setek format\u00f3w i typ\u00f3w danych, FME jest jedynym prawdziwym zestawem narz\u0119dzi Spatial ETL, kt\u00f3re mo\u017ce spe\u0142ni\u0107 oczekiwania zwi\u0105zane z translacj\u0105 danych \u2013 zar\u00f3wno dzi\u015b, jak i w przysz\u0142o\u015bci.<\/p>\n\n\n\n<p><strong>10 podstawowych korzy\u015bci z FME<\/strong><\/p>\n\n\n\n<ol><li>Wymiana danych pomi\u0119dzy CAD i GIS<\/li><li>\u0141adowanie, replikacja, aktualizacja i migracja danych do baz<\/li><li>Restrukturyzacja i transformacja modelu danych<\/li><li>Integracja danych przestrzennych i &#8220;nieprzestrzennych&#8221;<\/li><li>Sprawna konwersja i translacja danych<\/li><li>Dystrybucja danych przestrzennych<\/li><li>Konwersja pomi\u0119dzy uk\u0142adami wsp\u00f3\u0142rz\u0119dnych<\/li><li>Zapewnienie poprawno\u015bci i wysokiej jako\u015bci danych<\/li><li>Sprawne wykorzystywanie danych przez Internet <\/li><li>Wydobycie danych o lokalizacji z tradycyjnych baz danych<\/li><\/ol>\n\n\n\n<p><strong>Efektywna konwersja danych przestrzennych<\/strong><\/p>\n\n\n\n<p>Konwersja danych przestrzennych do precyzyjnie okre\u015blonego modelu danych mo\u017ce by\u0107 z\u0142o\u017cona. Dane s\u0105 rozproszone w wielu systemach i bazach, pisanie skrypt\u00f3w t\u0142umacz\u0105cych dane z formatu na format jest czasoch\u0142onne, a struktura otrzymanych na wyj\u015bciu danych cz\u0119sto nie spe\u0142nia stawianych oczekiwa\u0144. Ile kosztuje Twoja firm\u0119 ten nieefektywny proces?<\/p>\n","protected":false},"excerpt":{"rendered":"<p>POKONAJ BARIERY ZWI\u0104ZANE Z PRZETWARZANIEM DANYCH FME Desktop jest wszechstronnym zestawem narz\u0119dzi typu Spatial ETL (Extract, Transform and Load) wykorzystywanym przez tysi\u0105ce specjalist\u00f3w GIS na ca\u0142ym \u015bwiecie w celu szybkiej translacji, transformacji i integracji danych. FME Desktop jest skutecznym rozwi\u0105zaniem dla konwersji danych. FME umo\u017cliwia przekszta\u0142canie danych przestrzennych na precyzyjnie okre\u015blony format i struktur\u0119 przy wykorzystaniu szybkiego i \u0142atwego procesu. &hellip;<\/p>\n","protected":false},"author":5,"featured_media":0,"parent":116,"menu_order":1,"comment_status":"closed","ping_status":"closed","template":"","meta":{"_mi_skip_tracking":false},"_links":{"self":[{"href":"https:\/\/fme.shh.pl\/index.php\/wp-json\/wp\/v2\/pages\/730"}],"collection":[{"href":"https:\/\/fme.shh.pl\/index.php\/wp-json\/wp\/v2\/pages"}],"about":[{"href":"https:\/\/fme.shh.pl\/index.php\/wp-json\/wp\/v2\/types\/page"}],"author":[{"embeddable":true,"href":"https:\/\/fme.shh.pl\/index.php\/wp-json\/wp\/v2\/users\/5"}],"replies":[{"embeddable":true,"href":"https:\/\/fme.shh.pl\/index.php\/wp-json\/wp\/v2\/comments?post=730"}],"version-history":[{"count":8,"href":"https:\/\/fme.shh.pl\/index.php\/wp-json\/wp\/v2\/pages\/730\/revisions"}],"predecessor-version":[{"id":837,"href":"https:\/\/fme.shh.pl\/index.php\/wp-json\/wp\/v2\/pages\/730\/revisions\/837"}],"up":[{"embeddable":true,"href":"https:\/\/fme.shh.pl\/index.php\/wp-json\/wp\/v2\/pages\/116"}],"wp:attachment":[{"href":"https:\/\/fme.shh.pl\/index.php\/wp-json\/wp\/v2\/media?parent=730"}],"curies":[{"name":"wp","href":"https:\/\/api.w.org\/{rel}","templated":true}]}}